= 2*z - 3658 - 10654, -4*z = 4*g - 28584. What is the thousands digit of z?
7
Let j(q) be the third derivative of 2*q**5/15 - q**4/24 - 5*q**3/3 - 14*q**2. Let u be j(7). Suppose 0 = 4*k + k - u. What is the tens digit of k?
7
Let y = 497 - 321. Let a = y + 155. What is the units digit of a?
1
Suppose -2633 = -p + 4*o, -11*p + 15*p - 10549 = -o. What is the thousands digit of p?
2
Let z(y) = 14*y + 301. Let v = -502 - -538. What is the tens digit of z(v)?
0
What is the tens digit of ((-5175)/(-460))/(1/4)?
4
Suppose 3*c - 3*w = 20958, 6*c = 3*w + 22419 + 19491. What is the thousands digit of c?
6
Let a = -45 - -47. Let k(q) = 27 + 3*q + a*q + q + q**2. What is the units digit of k(-14)?
9
Suppose -2*b - 139*h - 422 = -141*h, 2*b = -4*h - 446. Suppose -5*k + 10*k = -2155. Let t = b - k. What is the tens digit of t?
1
Suppose 3*z - 1250 = -4*m + 2219, 0 = 5*m - 5*z - 4310. Suppose 148 = 4*p - o - 537, -m = -5*p + 3*o. What is the hundreds digit of p?
1
Suppose 4*q - 24588 = 4*k, 5*q = -0*k - 4*k + 30681. What is the thousands digit of q?
6
What is the hundreds digit of (1 - (-278)/(-4))/(158/(-9796))?
2
Let y(l) = -l**3 - 15*l**2 - 36*l + 4. Let d be y(-12). Suppose -d*p + 2*m + 2194 = 124, 0 = 2*m + 10. What is the hundreds digit of p?
5
Let p = 17 + -12. Let j = 1227 + -845. Suppose 4*y - j = -5*q + 2*q, 5*y = p*q + 495. What is the tens digit of y?
9
Suppose -45*w - 64*w - 113*w + 5437890 = 0. What is the tens digit of w?
9
Let n = -89 + 1654. What is the tens digit of n?
6
Let h(f) = -48*f + 132. Suppose 3*r - 48 = 6*r. What is the hundreds digit of h(r)?
9
Suppose 93*n - 162 = 84*n. Suppose n*h - 14*h - 496 = 0. What is the hundreds digit of h?
1
Let t = 22867 + -8651. What is the thousands digit of t?
4
Let t = 1740 + 2484. What is the thousands digit of t?
4
Suppose 8*y = 3*w + 11*y - 582, 2*y - 970 = -5*w. Suppose w = -6*x + 1478. What is the units digit of x?
4
Let w be ((-156)/(-32) - 2/(-16)) + 0. Suppose w*t + 0 + 0 = 0. Suppose t = 3*r + 2*k - 309, -r + 2*k + 0*k + 95 = 0. What is the tens digit of r?
0
Let j(b) = 560*b**2 - 5*b + 46. What is the ten thousands digit of j(-6)?
2
What is the ten thousands digit of -4 + (-8 - (-188976)/16)?
1
Suppose 20 = -j + 39. Suppose 1068 = j*d - 15*d. What is the units digit of d?
7
Suppose -159 = -23*j + 140. Suppose -m + 3 = -7. Suppose -m*n - 309 = -j*n. What is the tens digit of n?
0
Suppose 40*o = 277290 + 105630. What is the tens digit of o?
7
Suppose 4*x + 12 = 5*r, -3*r = 3*x + 5 + 4. Let b = 111 - r. What is the units digit of b?
1
Suppose 961 = -i + 977. Suppose i*n - 8626 - 17630 = 0. What is the tens digit of n?
4
Suppose -45*l + 93*l = 47*l + 835. What is the hundreds digit of l?
8
Suppose -38*r + 522 = -16*r - 160. Let x = 2 - 0. Suppose -x*l + l + r = 0. What is the tens digit of l?
3
What is the thousands digit of 149/(11 - 12)*-43?
6
Let b be (-2440)/3 + (-8)/(-6). Let y = b - -1188. What is the tens digit of y?
7
Let d(a) = 17496*a - 307. What is the thousands digit of d(2)?
4
Suppose 4*h = -3*s - 2263, -14*h + 20 = -19*h. Let j = s + 1334. What is the tens digit of j?
8
Suppose 0 = -f + 5, 2*t + 4*f - 46236 = 10844. What is the ten thousands digit of t?
2
Let a = -5912 - -9422. Suppose 6*l - 12*l + a = 0. Suppose 129*r - l = 126*r. What is the hundreds digit of r?
1
Suppose -3*m = m + 2*z - 26, 0 = 2*m + 2*z - 18. Suppose -10*w - 4 + m = 0. Suppose 3*h - 10 = -3*a + 41, w = 3*h. What is the tens digit of a?
1
Suppose s - 5726 = -3*z + 5120, 0 = -8*s + 5*z + 86884. What is the ten thousands digit of s?
1
Suppose 2*c = -2*q + 36, 4*c + 45 = 7*q - 2*q. Let t(j) = -j**3 + 15*j**2 - 9*j - 89. What is the tens digit of t(q)?
3
Let a(g) = -1789*g**3 - 16*g**2 - 59*g - 7. What is the thousands digit of a(-3)?
8
Let q = -13820 - -20386. What is the units digit of q?
6
Let l(f) = 168*f + 13. Let k be l(3). Let y = 976 - k. What is the tens digit of y?
5
Suppose -3*s - s = 2*f - 10, 3 = -f. Suppose a - s*l - 21 = 4, 3*l = -6. What is the units digit of 5*(a - (-3 - -6 - 3))?
5
Let s = -5774 + 11546. Suppose -4*h - 8*h - s = 0. Let x = h - -751. What is the hundreds digit of x?
2
Let l be 29/4 + -1 + (-172)/688. Suppose -l*o + 19*o = 13832. What is the hundreds digit of o?
0
Suppose 3*f = 4*h + 1 - 7, h - f - 1 = 0. Suppose -2*x - h*x + c = -2435, 0 = -x - 4*c + 466. What is the tens digit of x?
8
Let h(z) = -z**3 - 79*z**2 + 718*z + 10. What is the tens digit of h(-88)?
2
What is the ten thousands digit of (-150598)/(-15) + (-170)/(-1275)?
1
Suppose -3*q = -289*c + 293*c - 18340, -9156 = -2*c + 2*q. What is the thousands digit of c?
4
Let t(a) = -8*a - 21. Let o(n) = -9*n - 21. Let k(s) = 5*o(s) - 6*t(s). What is the tens digit of k(8)?
4
What is the tens digit of ((-311)/3)/((-209)/8151)?
4
Let s be (-287)/(-15) + 12/(-90). Suppose 11*k + 968 = s*k. What is the tens digit of k?
2
Let b = 41591 - 5693. What is the units digit of b?
8
Let m = -30623 + 62550. What is the ten thousands digit of m?
3
Suppose 732*a - 9 = 729*a. Suppose 0 = -a*m - 3*v + 1287, m - 2*v + 429 = 2*m. What is the tens digit of m?
2
Let v(i) = -3*i - 4 - 17 - 10*i**2 + 9*i**2 + 2*i**3. Let n(c) = -c**2 + 1. Let u(z) = 5*n(z) + v(z). What is the tens digit of u(6)?
8
Let y(d) = -3*d**3 - 22*d**2 + d - 15. Let k(b) = 2*b**3 + 22*b**2 - 2*b + 14. Let a(w) = 4*k(w) + 3*y(w). What is the units digit of a(21)?
7
Let k be ((-96)/(-26))/2 + (-4)/(-26). Suppose k*a = 4*x + a + 5, -2*a + 10 = -x. Suppose -23*w + 20*w + 30 = x. What is the units digit of w?
0
Let n(q) be the third derivative of q**4/8 + 4*q**3 + 2534*q**2. Suppose 3*b = -3*t, -2 - 2 = 3*t + 4*b. What is the tens digit of n(t)?
3
Suppose 2*r + 95 = n, 5*n + 0*r = 4*r + 487. Let q be (-28)/(-6)*(-7 + 4). Let y = n - q. What is the hundreds digit of y?
1
Let n = 470 - -1171. Suppose -4*h - 646 = -2*r - 5*h, 4*h = 5*r - n. What is the units digit of r?
5
Let c(d) = 4*d - 49. Let r be c(13). What is the units digit of -2 - -380 - (-15)/r?
3
Suppose 11*n - 97 = 13. Let y be 704/10 - 2/5. Suppose -h + y = n. What is the units digit of h?
0
Let b be 1/8 - (-11)/(2904/36399). Let x be ((-32)/6)/((-2)/(-12)). Let y = x + b. What is the tens digit of y?
0
Let a be ((-10530)/(-27))/(1/2). Suppose -b + 106 = -a. What is the hundreds digit of b?
8
Suppose -5*z - 1325 = 3*d - 8*d, -4*d = 3*z - 1081. Let l = d - -10. Let r = l + -137. What is the units digit of r?
1
Suppose 6311*r - 6309*r - 24370 = 0. What is the tens digit of r?
8
Let c(j) be the second derivative of 0 - 9/2*j**2 - 1/4*j**4 + 1/20*j**5 + j - 4/3*j**3. What is the tens digit of c(6)?
5
What is the hundreds digit of (-303 + 137)*(-22)/4?
9
What is the hundreds digit of (-65 - -119)*(1065/(-18))/((-1)/8)?
5
Let i be (-2)/5 + (-102)/(-255). Suppose 153 = -5*f - 5*d + 3193, i = -3*f - 2*d + 1825. What is the hundreds digit of f?
6
Let p(g) = 4*g + 9. Let l be p(-5). Let t be (l - -1)/(-2) - 1. Suppose -t*z + 179 = -73. What is the tens digit of z?
6
Let k(b) = -b**2 + 4*b + 179. Suppose 72*u + 198 = 70*u. Let f be 1 - (4/(-18) + (-121)/u). What is the hundreds digit of k(f)?
1
What is the tens digit of 22/154 + ((-758724)/(-42) - 3)?
6
What is the thousands digit of 3/6 + 281253/42?
6
Suppose 2*c - 395 = -387. Suppose 25 = 5*g, -5*g + 3544 - 423 = c*j. What is the tens digit of j?
7
Suppose -18234 = -f - 5*u, 5*u + 23947 - 78709 = -3*f. What is the ten thousands digit of f?
1
Let r(u) = -u**2 + 15*u - 17. Let f be r(11). Let i = 45 - f. Let t = -16 + i. What is the units digit of t?
2
Suppose -5*n + 5 = 27*l - 28*l, 0 = l + 5. Let a(s) = s**3 - s**2 + s + 64 + 22 + 2*s**2. What is the tens digit of a(n)?
8
Suppose -k - 5*y = -20390, 4*k - 56*y - 81655 = -57*y. What is the ten thousands digit of k?
2
Let g = 211 + -206. Suppose 4*u - 3*c = 1860, 1864 = 4*u + 3*c - g*c. What is the units digit of u?
8
Let v(f) = -2 + 9 + 5 - 160*f - 2. Let x be v(-7). Suppose -7*h + x = 339. What is the tens digit of h?
1
Suppose -5*k - 5076 + 22156 = 0. What is the units digit of k?
6
Let v(b) = 4*b**2 + 20*b + 9. Let y be v(-15). Let j = y - 402. What is the units digit of j?
7
Let i = -874 + 394. What is the tens digit of (-2052)/(-10) - (-96)/i?
0
Let y(w) = -2*w - 63. Let s(a) = -12*a - 316. Let v(x) = -3*s(x) + 16*y(x). 